{"id":194,"date":"2021-05-24T14:27:59","date_gmt":"2021-05-24T14:27:59","guid":{"rendered":"https:\/\/scoalafaraoani.ro\/?page_id=194"},"modified":"2026-01-15T13:09:05","modified_gmt":"2026-01-15T13:09:05","slug":"evaluare-nationala-cls-vlll","status":"publish","type":"page","link":"https:\/\/scoalafaraoani.ro\/?page_id=194","title":{"rendered":"Evaluare na\u021bional\u0103 cls.Vlll"},"content":{"rendered":"\t\t<div data-elementor-type=\"wp-page\" data-elementor-id=\"194\" class=\"elementor elementor-194\" data-elementor-settings=\"{&quot;ha_cmc_init_switcher&quot;:&quot;no&quot;}\">\n\t\t\t\t\t\t<section class=\"elementor-section elementor-top-section elementor-element elementor-element-024ece6 elementor-section-boxed elementor-section-height-default elementor-section-height-default\" data-id=\"024ece6\" data-element_type=\"section\" data-settings=\"{&quot;_ha_eqh_enable&quot;:false}\">\n\t\t\t\t\t\t<div class=\"elementor-container elementor-column-gap-default\">\n\t\t\t\t\t<div class=\"elementor-column elementor-col-100 elementor-top-column elementor-element elementor-element-2691f8f\" data-id=\"2691f8f\" data-element_type=\"column\">\n\t\t\t<div class=\"elementor-widget-wrap elementor-element-populated\">\n\t\t\t\t\t\t<div class=\"elementor-element elementor-element-96901bd elementor-widget elementor-widget-text-editor\" data-id=\"96901bd\" data-element_type=\"widget\" data-widget_type=\"text-editor.default\">\n\t\t\t\t<div class=\"elementor-widget-container\">\n\t\t\t\t\t\t\t\t\t<div class=\"field field-name-body field-type-text-with-summary field-label-hidden\"><div class=\"field-items\"><div class=\"field-item even\"><p class=\"rtejustify\"><strong>Evaluarea Na\u021bional\u0103 a absolven\u021bilor clasei a VIII-a<\/strong>\u00a0(<strong>EN VIII<\/strong>) reprezint\u0103\u00a0modalitatea de evaluare extern\u0103\u00a0sumativ\u0103\u00a0a competen\u021belor dob\u00e2ndite pe parcursul \u00eenv\u0103\u021b\u0103m\u00e2ntului gimnazial. Examenul se desfa\u0219oar\u0103, anual, \u00eentr-o singur\u0103 sesiune.\u00a0<\/p><ul><li><p class=\"rtejustify\"><strong>Metodologia\u00a0de organizare \u0219i desf\u0103\u0219urare a examenului<\/strong>\u00a0<strong>\u00een\u00a0anul \u0219colar\u00a0<\/strong><strong>2025 &#8211;\u00a02026 \u0219i calendarul aferent<\/strong>\u00a0au fost aprobate\u00a0prin\u00a0<strong><a href=\"https:\/\/www.edu.ro\/sites\/default\/files\/_fi%C8%99iere\/Legislatie\/2025\/OMEC_6058_2025%20calendar_ENVIII_2026.pdf\" target=\"_blank\" rel=\"noopener\">ordinul de ministru nr. 6.058\/29.08.2025<\/a>.<\/strong><\/p><\/li><li><p class=\"rtejustify\"><strong>[NOU]\u00a0<a href=\"https:\/\/www.edu.ro\/sites\/default\/files\/_fi%C8%99iere\/Minister\/2025\/div\/Procedura_egalizare_sanse_examene_2026.pdf\" target=\"_blank\" rel=\"noopener\">PROCEDUR\u0102<\/a>\u00a0cu privire\u00a0la asigurarea condi\u021biilor de egalizare a \u0219anselor pentru elevii cu deficien\u021be de\u00a0vedere, deficien\u021be de auz \u0219i tulbur\u0103ri de neurodezvoltare\u00a0care sus\u021bin examenele na\u021bionale:\u00a0evaluarea na\u021bional\u0103 pentru absolven\u021bii clasei a VIII-a \u0219i\u00a0examenul na\u021bional de bacalaureat &#8211; sesiunea 2026<\/strong><\/p><ul><li><p class=\"rtejustify\"><strong>Descarc\u0103\u00a0<\/strong><em>\u200b\u200b(arhiv\u0103 RAR: fi\u0219ier editabil + pdf):\u00a0<\/em><strong><a href=\"https:\/\/www.edu.ro\/sites\/default\/files\/_fi%C8%99iere\/Minister\/2025\/div\/Anexa-1-Cerere-egalizare-sanse-evaluare_nationala_2026.rar\" target=\"_top\">Model cerere EN VIII<\/a>\u00a0<\/strong><em>(cererea va\u00a0fi completat\u0103 de p\u0103rinte\/tutore\/reprezentant legal al elevei\/elevului\/candidatei\/candidatului)<\/em><\/p><\/li><\/ul><\/li><\/ul><p class=\"rtejustify\"><strong>Calendar EN VIII 2026<\/strong><\/p><p class=\"rtejustify\">(<em>click pe imagine\u00a0pentru versiunea redimensionat\u0103<\/em>)<\/p><p class=\"rtejustify\"><strong><a href=\"https:\/\/www.edu.ro\/sites\/default\/files\/_imagini\/agenda_evenimente\/2025\/calendar_ENVIII_2026.jpeg\"><img fetchpriority=\"high\" decoding=\"async\" src=\"https:\/\/www.edu.ro\/sites\/default\/files\/_imagini\/agenda_evenimente\/2025\/calendar_ENVIII_2026.jpeg\" alt=\"\" width=\"315\" height=\"282\" \/><\/a><\/strong><\/p><blockquote><p>Ordinul\u00a0de ministru nr. 6.058\/29.08.2025 aprob\u0103 \u0219i\u00a0<strong>calendarul simul\u0103rii EN VIII din anul 2026.<\/strong><\/p><\/blockquote><p>(<em>click pe imagine\u00a0pentru versiunea redimensionat\u0103<\/em>)<\/p><p><a href=\"https:\/\/www.edu.ro\/sites\/default\/files\/_imagini\/agenda_evenimente\/2025\/simulare_ENVIII_2026.jpeg\"><img decoding=\"async\" src=\"https:\/\/www.edu.ro\/sites\/default\/files\/_imagini\/agenda_evenimente\/2025\/simulare_ENVIII_2026.jpeg\" alt=\"\" width=\"315\" height=\"282\" \/><\/a><\/p><\/div><\/div><\/div><div class=\"field field-name-field-materiale-informative field-type-file field-label-above\"><div class=\"field-items\">\u00a0<\/div><\/div>\t\t\t\t\t\t\t\t<\/div>\n\t\t\t\t<\/div>\n\t\t\t\t\t<\/div>\n\t\t<\/div>\n\t\t\t\t\t<\/div>\n\t\t<\/section>\n\t\t\t\t<\/div>\n\t\t","protected":false},"excerpt":{"rendered":"<p>Evaluarea Na\u021bional\u0103 a absolven\u021bilor clasei a VIII-a\u00a0(EN VIII) reprezint\u0103\u00a0modalitatea de evaluare extern\u0103\u00a0sumativ\u0103\u00a0a competen\u021belor dob\u00e2ndite pe parcursul \u00eenv\u0103\u021b\u0103m\u00e2ntului gimnazial. Examenul se desfa\u0219oar\u0103, anual, \u00eentr-o singur\u0103 sesiune.\u00a0 Metodologia\u00a0de organizare \u0219i desf\u0103\u0219urare a examenului\u00a0\u00een\u00a0anul \u0219colar\u00a02025 &#8211;\u00a02026 \u0219i calendarul aferent\u00a0au fost aprobate\u00a0prin\u00a0ordinul de ministru nr. 6.058\/29.08.2025. [NOU]\u00a0PROCEDUR\u0102\u00a0cu privire\u00a0la asigurarea condi\u021biilor de egalizare a \u0219anselor pentru elevii cu deficien\u021be de\u00a0vedere,&nbsp;&hellip;<\/p>\n","protected":false},"author":1,"featured_media":0,"parent":190,"menu_order":0,"comment_status":"closed","ping_status":"closed","template":"","meta":{"rop_custom_images_group":[],"rop_custom_messages_group":[],"rop_publish_now":"initial","rop_publish_now_accounts":[],"rop_publish_now_history":[],"rop_publish_now_status":"pending","_monsterinsights_skip_tracking":false,"_monsterinsights_sitenote_active":false,"_monsterinsights_sitenote_note":"","_monsterinsights_sitenote_category":0,"footnotes":""},"class_list":["post-194","page","type-page","status-publish","hentry"],"yoast_head":"<!-- This site is optimized with the Yoast SEO plugin v27.4 - https:\/\/yoast.com\/product\/yoast-seo-wordpress\/ -->\n<title>Evaluare na\u021bional\u0103 cls.Vlll - \u0218coala Gimnazial\u0103 Nr.1 Faraoani<\/title>\n<meta name=\"robots\" content=\"index, follow, max-snippet:-1, max-image-preview:large, max-video-preview:-1\" \/>\n<link rel=\"canonical\" href=\"https:\/\/scoalafaraoani.ro\/?page_id=194\" \/>\n<meta property=\"og:locale\" content=\"en_US\" \/>\n<meta property=\"og:type\" content=\"article\" \/>\n<meta property=\"og:title\" content=\"Evaluare na\u021bional\u0103 cls.Vlll - \u0218coala Gimnazial\u0103 Nr.1 Faraoani\" \/>\n<meta property=\"og:description\" content=\"Evaluarea Na\u021bional\u0103 a absolven\u021bilor clasei a VIII-a\u00a0(EN VIII) reprezint\u0103\u00a0modalitatea de evaluare extern\u0103\u00a0sumativ\u0103\u00a0a competen\u021belor dob\u00e2ndite pe parcursul \u00eenv\u0103\u021b\u0103m\u00e2ntului gimnazial. Examenul se desfa\u0219oar\u0103, anual, \u00eentr-o singur\u0103 sesiune.\u00a0 Metodologia\u00a0de organizare \u0219i desf\u0103\u0219urare a examenului\u00a0\u00een\u00a0anul \u0219colar\u00a02025 &#8211;\u00a02026 \u0219i calendarul aferent\u00a0au fost aprobate\u00a0prin\u00a0ordinul de ministru nr. 6.058\/29.08.2025. [NOU]\u00a0PROCEDUR\u0102\u00a0cu privire\u00a0la asigurarea condi\u021biilor de egalizare a \u0219anselor pentru elevii cu deficien\u021be de\u00a0vedere,&nbsp;&hellip;\" \/>\n<meta property=\"og:url\" content=\"https:\/\/scoalafaraoani.ro\/?page_id=194\" \/>\n<meta property=\"og:site_name\" content=\"\u0218coala Gimnazial\u0103 Nr.1 Faraoani\" \/>\n<meta property=\"article:modified_time\" content=\"2026-01-15T13:09:05+00:00\" \/>\n<meta property=\"og:image\" content=\"https:\/\/www.edu.ro\/sites\/default\/files\/_imagini\/agenda_evenimente\/2025\/calendar_ENVIII_2026.jpeg\" \/>\n<meta name=\"twitter:card\" content=\"summary_large_image\" \/>\n<meta name=\"twitter:label1\" content=\"Est. reading time\" \/>\n\t<meta name=\"twitter:data1\" content=\"1 minute\" \/>\n<script type=\"application\/ld+json\" class=\"yoast-schema-graph\">{\"@context\":\"https:\\\/\\\/schema.org\",\"@graph\":[{\"@type\":\"WebPage\",\"@id\":\"https:\\\/\\\/scoalafaraoani.ro\\\/?page_id=194\",\"url\":\"https:\\\/\\\/scoalafaraoani.ro\\\/?page_id=194\",\"name\":\"Evaluare na\u021bional\u0103 cls.Vlll - \u0218coala Gimnazial\u0103 Nr.1 Faraoani\",\"isPartOf\":{\"@id\":\"https:\\\/\\\/scoalafaraoani.ro\\\/#website\"},\"primaryImageOfPage\":{\"@id\":\"https:\\\/\\\/scoalafaraoani.ro\\\/?page_id=194#primaryimage\"},\"image\":{\"@id\":\"https:\\\/\\\/scoalafaraoani.ro\\\/?page_id=194#primaryimage\"},\"thumbnailUrl\":\"https:\\\/\\\/www.edu.ro\\\/sites\\\/default\\\/files\\\/_imagini\\\/agenda_evenimente\\\/2025\\\/calendar_ENVIII_2026.jpeg\",\"datePublished\":\"2021-05-24T14:27:59+00:00\",\"dateModified\":\"2026-01-15T13:09:05+00:00\",\"breadcrumb\":{\"@id\":\"https:\\\/\\\/scoalafaraoani.ro\\\/?page_id=194#breadcrumb\"},\"inLanguage\":\"en-US\",\"potentialAction\":[{\"@type\":\"ReadAction\",\"target\":[\"https:\\\/\\\/scoalafaraoani.ro\\\/?page_id=194\"]}]},{\"@type\":\"ImageObject\",\"inLanguage\":\"en-US\",\"@id\":\"https:\\\/\\\/scoalafaraoani.ro\\\/?page_id=194#primaryimage\",\"url\":\"https:\\\/\\\/www.edu.ro\\\/sites\\\/default\\\/files\\\/_imagini\\\/agenda_evenimente\\\/2025\\\/calendar_ENVIII_2026.jpeg\",\"contentUrl\":\"https:\\\/\\\/www.edu.ro\\\/sites\\\/default\\\/files\\\/_imagini\\\/agenda_evenimente\\\/2025\\\/calendar_ENVIII_2026.jpeg\"},{\"@type\":\"BreadcrumbList\",\"@id\":\"https:\\\/\\\/scoalafaraoani.ro\\\/?page_id=194#breadcrumb\",\"itemListElement\":[{\"@type\":\"ListItem\",\"position\":1,\"name\":\"Home\",\"item\":\"https:\\\/\\\/scoalafaraoani.ro\\\/\"},{\"@type\":\"ListItem\",\"position\":2,\"name\":\"Examene na\u021bionale\",\"item\":\"https:\\\/\\\/scoalafaraoani.ro\\\/?page_id=190\"},{\"@type\":\"ListItem\",\"position\":3,\"name\":\"Evaluare na\u021bional\u0103 cls.Vlll\"}]},{\"@type\":\"WebSite\",\"@id\":\"https:\\\/\\\/scoalafaraoani.ro\\\/#website\",\"url\":\"https:\\\/\\\/scoalafaraoani.ro\\\/\",\"name\":\"\u0218coala Gimnazial\u0103 Nr.1 Faraoani\",\"description\":\"\",\"potentialAction\":[{\"@type\":\"SearchAction\",\"target\":{\"@type\":\"EntryPoint\",\"urlTemplate\":\"https:\\\/\\\/scoalafaraoani.ro\\\/?s={search_term_string}\"},\"query-input\":{\"@type\":\"PropertyValueSpecification\",\"valueRequired\":true,\"valueName\":\"search_term_string\"}}],\"inLanguage\":\"en-US\"}]}<\/script>\n<!-- \/ Yoast SEO plugin. -->","yoast_head_json":{"title":"Evaluare na\u021bional\u0103 cls.Vlll - \u0218coala Gimnazial\u0103 Nr.1 Faraoani","robots":{"index":"index","follow":"follow","max-snippet":"max-snippet:-1","max-image-preview":"max-image-preview:large","max-video-preview":"max-video-preview:-1"},"canonical":"https:\/\/scoalafaraoani.ro\/?page_id=194","og_locale":"en_US","og_type":"article","og_title":"Evaluare na\u021bional\u0103 cls.Vlll - \u0218coala Gimnazial\u0103 Nr.1 Faraoani","og_description":"Evaluarea Na\u021bional\u0103 a absolven\u021bilor clasei a VIII-a\u00a0(EN VIII) reprezint\u0103\u00a0modalitatea de evaluare extern\u0103\u00a0sumativ\u0103\u00a0a competen\u021belor dob\u00e2ndite pe parcursul \u00eenv\u0103\u021b\u0103m\u00e2ntului gimnazial. Examenul se desfa\u0219oar\u0103, anual, \u00eentr-o singur\u0103 sesiune.\u00a0 Metodologia\u00a0de organizare \u0219i desf\u0103\u0219urare a examenului\u00a0\u00een\u00a0anul \u0219colar\u00a02025 &#8211;\u00a02026 \u0219i calendarul aferent\u00a0au fost aprobate\u00a0prin\u00a0ordinul de ministru nr. 6.058\/29.08.2025. [NOU]\u00a0PROCEDUR\u0102\u00a0cu privire\u00a0la asigurarea condi\u021biilor de egalizare a \u0219anselor pentru elevii cu deficien\u021be de\u00a0vedere,&nbsp;&hellip;","og_url":"https:\/\/scoalafaraoani.ro\/?page_id=194","og_site_name":"\u0218coala Gimnazial\u0103 Nr.1 Faraoani","article_modified_time":"2026-01-15T13:09:05+00:00","og_image":[{"url":"https:\/\/www.edu.ro\/sites\/default\/files\/_imagini\/agenda_evenimente\/2025\/calendar_ENVIII_2026.jpeg","type":"","width":"","height":""}],"twitter_card":"summary_large_image","twitter_misc":{"Est. reading time":"1 minute"},"schema":{"@context":"https:\/\/schema.org","@graph":[{"@type":"WebPage","@id":"https:\/\/scoalafaraoani.ro\/?page_id=194","url":"https:\/\/scoalafaraoani.ro\/?page_id=194","name":"Evaluare na\u021bional\u0103 cls.Vlll - \u0218coala Gimnazial\u0103 Nr.1 Faraoani","isPartOf":{"@id":"https:\/\/scoalafaraoani.ro\/#website"},"primaryImageOfPage":{"@id":"https:\/\/scoalafaraoani.ro\/?page_id=194#primaryimage"},"image":{"@id":"https:\/\/scoalafaraoani.ro\/?page_id=194#primaryimage"},"thumbnailUrl":"https:\/\/www.edu.ro\/sites\/default\/files\/_imagini\/agenda_evenimente\/2025\/calendar_ENVIII_2026.jpeg","datePublished":"2021-05-24T14:27:59+00:00","dateModified":"2026-01-15T13:09:05+00:00","breadcrumb":{"@id":"https:\/\/scoalafaraoani.ro\/?page_id=194#breadcrumb"},"inLanguage":"en-US","potentialAction":[{"@type":"ReadAction","target":["https:\/\/scoalafaraoani.ro\/?page_id=194"]}]},{"@type":"ImageObject","inLanguage":"en-US","@id":"https:\/\/scoalafaraoani.ro\/?page_id=194#primaryimage","url":"https:\/\/www.edu.ro\/sites\/default\/files\/_imagini\/agenda_evenimente\/2025\/calendar_ENVIII_2026.jpeg","contentUrl":"https:\/\/www.edu.ro\/sites\/default\/files\/_imagini\/agenda_evenimente\/2025\/calendar_ENVIII_2026.jpeg"},{"@type":"BreadcrumbList","@id":"https:\/\/scoalafaraoani.ro\/?page_id=194#breadcrumb","itemListElement":[{"@type":"ListItem","position":1,"name":"Home","item":"https:\/\/scoalafaraoani.ro\/"},{"@type":"ListItem","position":2,"name":"Examene na\u021bionale","item":"https:\/\/scoalafaraoani.ro\/?page_id=190"},{"@type":"ListItem","position":3,"name":"Evaluare na\u021bional\u0103 cls.Vlll"}]},{"@type":"WebSite","@id":"https:\/\/scoalafaraoani.ro\/#website","url":"https:\/\/scoalafaraoani.ro\/","name":"\u0218coala Gimnazial\u0103 Nr.1 Faraoani","description":"","potentialAction":[{"@type":"SearchAction","target":{"@type":"EntryPoint","urlTemplate":"https:\/\/scoalafaraoani.ro\/?s={search_term_string}"},"query-input":{"@type":"PropertyValueSpecification","valueRequired":true,"valueName":"search_term_string"}}],"inLanguage":"en-US"}]}},"_links":{"self":[{"href":"https:\/\/scoalafaraoani.ro\/index.php?rest_route=\/wp\/v2\/pages\/194","targetHints":{"allow":["GET"]}}],"collection":[{"href":"https:\/\/scoalafaraoani.ro\/index.php?rest_route=\/wp\/v2\/pages"}],"about":[{"href":"https:\/\/scoalafaraoani.ro\/index.php?rest_route=\/wp\/v2\/types\/page"}],"author":[{"embeddable":true,"href":"https:\/\/scoalafaraoani.ro\/index.php?rest_route=\/wp\/v2\/users\/1"}],"replies":[{"embeddable":true,"href":"https:\/\/scoalafaraoani.ro\/index.php?rest_route=%2Fwp%2Fv2%2Fcomments&post=194"}],"version-history":[{"count":6,"href":"https:\/\/scoalafaraoani.ro\/index.php?rest_route=\/wp\/v2\/pages\/194\/revisions"}],"predecessor-version":[{"id":1327012,"href":"https:\/\/scoalafaraoani.ro\/index.php?rest_route=\/wp\/v2\/pages\/194\/revisions\/1327012"}],"up":[{"embeddable":true,"href":"https:\/\/scoalafaraoani.ro\/index.php?rest_route=\/wp\/v2\/pages\/190"}],"wp:attachment":[{"href":"https:\/\/scoalafaraoani.ro\/index.php?rest_route=%2Fwp%2Fv2%2Fmedia&parent=194"}],"curies":[{"name":"wp","href":"https:\/\/api.w.org\/{rel}","templated":true}]}}